f 981232 and 133.
7
What is the highest common divisor of 1650 and 24600950?
550
Calculate the greatest common divisor of 14295 and 41775.
15
Calculate the greatest common factor of 11691210 and 10.
10
Calculate the highest common factor of 1068535 and 20995.
1105
Calculate the highest common divisor of 5175667 and 1854513.
12121
Calculate the greatest common divisor of 11361581 and 770.
77
Calculate the highest common divisor of 35563 and 663931.
53
Calculate the greatest common factor of 2806546 and 113896.
1238
Calculate the highest common factor of 1668040 and 4488.
1496
What is the greatest common factor of 71401 and 3487?
11
Calculate the greatest common factor of 2309765 and 915.
305
What is the greatest common factor of 15050898 and 72?
18
What is the highest common factor of 186576 and 944?
16
Calculate the highest common factor of 651447058 and 1324.
662
What is the highest common divisor of 17086267 and 2849?
407
Calculate the greatest common divisor of 331945152 and 19008.
2112
What is the greatest common divisor of 1504 and 4658828?
188
What is the highest common factor of 20861337 and 21?
21
What is the greatest common divisor of 1237464 and 648?
216
What is the highest common divisor of 4017495 and 210?
15
What is the greatest common divisor of 38322428 and 664?
332
What is the greatest common divisor of 200373147 and 2556?
639
What is the highest common factor of 9666581 and 61466?
421
What is the highest common factor of 3257728 and 35712?
3968
What is the greatest common divisor of 357 and 7563549?
21
Calculate the highest common factor of 368 and 119096024.
184
Calculate the highest common factor of 51 and 103655545.
17
Calculate the highest common factor of 138042 and 447915614.
15338
Calculate the greatest common divisor of 436245 and 2234811.
687
What is the highest common factor of 95892 and 340380?
732
What is the highest common divisor of 413 and 84494431?
413
Calculate the highest common divisor of 527 and 908956.
17
Calculate the highest common factor of 10539992 and 276568.
1448
Calculate the greatest common divisor of 34703520 and 51220.
3940
Calculate the greatest common factor of 298097568 and 72.
72
What is the greatest common divisor of 26235656 and 8?
8
What is the greatest common factor of 28478190 and 130?
130
What is the highest common factor of 5424 and 1274979?
339
What is the greatest common divisor of 80864 and 1376?
32
Calculate the highest common divisor of 5828518 and 153.
17
Calculate the greatest common divisor of 13122147 and 102.
51
Calculate the highest common factor of 37982 and 327876902.
5426
What is the greatest common factor of 4855389 and 6501?
33
Calculate the highest common factor of 70 and 31521070.
70
What is the greatest common factor of 261999 and 9675?
387
What is the highest common divisor of 320 and 526780?
20
What is the highest common divisor of 21131488 and 17458?
406
Calculate the greatest common divisor of 4244174 and 2398.
22
What is the greatest common divisor of 603 and 295263?
9
What is the greatest common factor of 20907438 and 24?
6
Calculate the greatest common factor of 10770149 and 62647.
1027
What is the highest common factor of 70 and 1226099690?
10
Calculate the highest common divisor of 8835933 and 69.
69
What is the highest common factor of 6149725 and 700?
25
Calculate the highest common divisor of 242516349 and 5427.
5427
Calculate the highest common divisor of 160 and 200.
40
Calculate the greatest common factor of 7735 and 1130220.
455
What is the greatest common divisor of 650317721 and 62?
31
Calculate the greatest common factor of 18828734 and 4.
2
What is the highest common divisor of 64908408 and 627?
57
What is the highest common divisor of 8769575 and 75?
25
Calculate the highest common factor of 25030463 and 3082.
1541
What is the greatest common factor of 2096 and 29077808?
2096
What is the greatest common divisor of 1 and 13153817?
1
What is the greatest common factor of 1401453714 and 2292?
1146
What is the greatest common divisor of 47569584 and 69666?
4098
Calculate the greatest common divisor of 10844875 and 47245.
4295
Calculate the greatest common factor of 80225 and 37850.
25
What is the highest common factor of 3399 and 5436958?
103
Calculate the greatest common divisor of 3888 and 331680.
48
What is the greatest common divisor of 4393565 and 18315?
2035
Calculate the greatest common divisor of 2439022 and 317090.
1714
What is the greatest common divisor of 573800811 and 2004?
501
Calculate the greatest common divisor of 3 and 192263.
1
What is the greatest common factor of 126 and 419270?
2
Calculate the greatest common divisor of 833838 and 48.
6
Calculate the greatest common divisor of 1839 and 35211.
3
What is the highest common divisor of 64173758 and 55110?
3674
What is the highest common divisor of 5270460 and 14560?
260
Calculate the highest common divisor of 2340 and 12924405.
585
What is the highest common divisor of 347021 and 792271?
137
What is the greatest common factor of 32009 and 1?
1
Calculate the greatest common factor of 880328 and 14936.
8
What is the highest common factor of 21004860 and 5100?
1020
Calculate the greatest common factor of 4296493 and 31169.
439
Calculate the greatest common factor of 48279 and 9625875.
399
What is the greatest common divisor of 243271369 and 22?
11
Calculate the highest common divisor of 650899456 and 1732.
1732
What is the greatest common divisor of 10 and 494015930?
10
Calculate the greatest common divisor of 14648 and 1556.
4
Calculate the greatest common factor of 3819949 and 2290.
229
What is the highest common factor of 172596486 and 654?
654
Calculate the greatest common divisor of 1708306 and 132026.
502
What is the highest common factor of 5033976 and 3288?
24
What is the greatest common factor of 970709 and 5860?
293
Calculate the highest common divisor of 1407972 and 84.
12
What is the highest common factor of 7137272 and 600?
8
Calculate the greatest common divisor of 26808 and 9120.
24
Calculate the highest common divisor of 15792508 and 64852.
2092
Calculate the highest common divisor of 32641301 and 4301.
253
What is the highest common factor of 1645295280 and 370?
370
What is the greatest common factor of 186836 and 3419?
13
What is the greatest common factor of 1542140 and 60?
20
Calculate the greatest common factor of 61388 and 230720.
412
Calculate the greatest common divisor of 209528832 and 3456.
384
Calculate the highest common divisor of 21004125 and 261621.
2127
What is the greatest common divisor of 3359134 and 5212?
2606
Calculate the greatest common divisor of 1140576 and 3597.
327
What is the greatest common divisor of 11009 and 1982379621?
11009
What is the greatest common factor of 6230 and 548422?
14
What is the greatest common factor of 4304 and 337044088?
2152
Calculate the greatest common factor of 20235 and 8050335.
1065
What is the greatest common divisor of 13741 and 684634?
151
What is the highest common divisor of 4104 and 110424?
24
What is the greatest common factor of 758642 and 434282?
1802
Calculate the greatest common divisor of 2406545 and 11786.
71
What is the greatest common factor of 126471723 and 655?
131
What is the greatest common factor of 161488755 and 2540?
635
Calculate the greatest common divisor of 15835187 and 7464.
311
Calculate the greatest common factor of 744342 and 6870.
6
What is the greatest common factor of 6494 and 1230613?
3247
What is the highest common factor of 945616 and 328?
8
Calculate the greatest common factor of 38 and 276320439.
19
Calculate the greatest common divisor of 107942 and 19468.
62
What is the highest common factor of 170252 and 20088?
124
Calculate the greatest common factor of 588016 and 157027.
3341
Calculate the highest common divisor of 73872 and 12000312.
1944
Calculate the greatest common divisor of 3040 and 667508.
76
What is the highest common divisor of 4762201 and 12023?
1093
What is the highest common factor of 3220 and 30191686?
322
Calculate the highest common factor of 5775 and 223135.
55
Calculate the highest common divisor of 1302 and 2276106.
42
Calculate the highest common divisor of 742 and 672653422.
742
Calculate the greatest common factor of 1906791 and 2853636.
1191
Cal